[INFO] fetching crate rustycpp 0.1.6...
[INFO] checking rustycpp-0.1.6 against master#9610dfe5a9a731ced1ea4923ecbd0c57fe367898 for beta-170-4
[INFO] extracting crate rustycpp 0.1.6 into /workspace/builds/worker-5-tc1/source
[INFO] validating manifest of crates.io crate rustycpp 0.1.6 on toolchain 9610dfe5a9a731ced1ea4923ecbd0c57fe367898
[INFO] running `Command { std: CARGO_HOME="/workspace/cargo-home" RUSTUP_HOME="/workspace/rustup-home" "/workspace/cargo-home/bin/cargo" "+9610dfe5a9a731ced1ea4923ecbd0c57fe367898" "metadata" "--manifest-path" "Cargo.toml" "--no-deps", kill_on_drop: false }`
[INFO] started tweaking crates.io crate rustycpp 0.1.6
[INFO] finished tweaking crates.io crate rustycpp 0.1.6
[INFO] tweaked toml for crates.io crate rustycpp 0.1.6 written to /workspace/builds/worker-5-tc1/source/Cargo.toml
[INFO] crate crates.io crate rustycpp 0.1.6 already has a lockfile, it will not be regenerated
[INFO] running `Command { std: CARGO_HOME="/workspace/cargo-home" RUSTUP_HOME="/workspace/rustup-home" "/workspace/cargo-home/bin/cargo" "+9610dfe5a9a731ced1ea4923ecbd0c57fe367898" "fetch" "--manifest-path" "Cargo.toml", kill_on_drop: false }`
[INFO] [stderr]     Updating crates.io index
[INFO] [stderr]     Blocking waiting for file lock on package cache
[INFO] [stderr]  Downloading crates ...
[INFO] [stderr]   Downloaded f128_internal v0.2.2
[INFO] [stderr]   Downloaded f128 v0.2.9
[INFO] [stderr]   Downloaded murmur3 v0.4.1
[INFO] [stderr]   Downloaded multiset v0.0.5
[INFO] [stderr]   Downloaded f128_input v0.2.1
[INFO] [stderr]   Downloaded priority-queue v1.2.3
[INFO] [stderr]   Downloaded antlr-rust v0.3.0-beta
[INFO] [stderr]   Downloaded better_any v0.2.0-dev.1
[INFO] running `Command { std: "docker" "create" "-v" "/var/lib/crater-agent-workspace/builds/worker-5-tc1/target:/opt/rustwide/target:rw,Z" "-v" "/var/lib/crater-agent-workspace/builds/worker-5-tc1/source:/opt/rustwide/workdir:ro,Z" "-v" "/var/lib/crater-agent-workspace/cargo-home:/opt/rustwide/cargo-home:ro,Z" "-v" "/var/lib/crater-agent-workspace/rustup-home:/opt/rustwide/rustup-home:ro,Z" "-e" "SOURCE_DIR=/opt/rustwide/workdir" "-e" "CARGO_TARGET_DIR=/opt/rustwide/target" "-e" "CARGO_HOME=/opt/rustwide/cargo-home" "-e" "RUSTUP_HOME=/opt/rustwide/rustup-home" "-w" "/opt/rustwide/workdir" "-m" "1610612736" "--user" "0:0" "--network" "none" "ghcr.io/rust-lang/crates-build-env/linux@sha256:19e73879b68f455e41552ea35293514db52ea292d993f571636dbffedb77a1ee" "/opt/rustwide/cargo-home/bin/cargo" "+9610dfe5a9a731ced1ea4923ecbd0c57fe367898" "metadata" "--no-deps" "--format-version=1", kill_on_drop: false }`
[INFO] [stdout] f384fc9544a050ce8b08910413241092d50db9bf69f8f4e6b7a69176a7a43b0a
[INFO] running `Command { std: "docker" "start" "-a" "f384fc9544a050ce8b08910413241092d50db9bf69f8f4e6b7a69176a7a43b0a", kill_on_drop: false }`
[INFO] running `Command { std: "docker" "inspect" "f384fc9544a050ce8b08910413241092d50db9bf69f8f4e6b7a69176a7a43b0a", kill_on_drop: false }`
[INFO] running `Command { std: "docker" "rm" "-f" "f384fc9544a050ce8b08910413241092d50db9bf69f8f4e6b7a69176a7a43b0a", kill_on_drop: false }`
[INFO] [stdout] f384fc9544a050ce8b08910413241092d50db9bf69f8f4e6b7a69176a7a43b0a
[INFO] running `Command { std: "docker" "create" "-v" "/var/lib/crater-agent-workspace/builds/worker-5-tc1/target:/opt/rustwide/target:rw,Z" "-v" "/var/lib/crater-agent-workspace/builds/worker-5-tc1/source:/opt/rustwide/workdir:ro,Z" "-v" "/var/lib/crater-agent-workspace/cargo-home:/opt/rustwide/cargo-home:ro,Z" "-v" "/var/lib/crater-agent-workspace/rustup-home:/opt/rustwide/rustup-home:ro,Z" "-e" "SOURCE_DIR=/opt/rustwide/workdir" "-e" "CARGO_TARGET_DIR=/opt/rustwide/target" "-e" "CARGO_INCREMENTAL=0" "-e" "RUST_BACKTRACE=full" "-e" "RUSTFLAGS=--cap-lints=forbid" "-e" "RUSTDOCFLAGS=--cap-lints=forbid" "-e" "CARGO_HOME=/opt/rustwide/cargo-home" "-e" "RUSTUP_HOME=/opt/rustwide/rustup-home" "-w" "/opt/rustwide/workdir" "-m" "1610612736" "--user" "0:0" "--network" "none" "ghcr.io/rust-lang/crates-build-env/linux@sha256:19e73879b68f455e41552ea35293514db52ea292d993f571636dbffedb77a1ee" "/opt/rustwide/cargo-home/bin/cargo" "+9610dfe5a9a731ced1ea4923ecbd0c57fe367898" "check" "--frozen" "--all" "--all-targets" "--message-format=json", kill_on_drop: false }`
[INFO] [stdout] 2b63137cda5356de62423f9eb0a42bef77bf7c4869357620dfbe808eb6c24008
[INFO] running `Command { std: "docker" "start" "-a" "2b63137cda5356de62423f9eb0a42bef77bf7c4869357620dfbe808eb6c24008", kill_on_drop: false }`
[INFO] [stderr]    Compiling libc v0.2.134
[INFO] [stderr]    Compiling proc-macro2 v1.0.46
[INFO] [stderr]    Compiling unicode-ident v1.0.4
[INFO] [stderr]    Compiling syn v1.0.101
[INFO] [stderr]    Compiling regex-syntax v0.6.27
[INFO] [stderr]    Compiling aho-corasick v0.7.19
[INFO] [stderr]    Compiling indexmap v1.9.1
[INFO] [stderr]    Compiling parking_lot_core v0.9.3
[INFO] [stderr]    Compiling smallvec v1.9.0
[INFO] [stderr]    Compiling crunchy v0.2.2
[INFO] [stderr]    Compiling f128_internal v0.2.2
[INFO] [stderr]    Compiling tiny-keccak v2.0.2
[INFO] [stderr]    Compiling phf_shared v0.10.0
[INFO] [stderr]    Compiling fixedbitset v0.4.2
[INFO] [stderr]    Compiling dirs-sys-next v0.1.2
[INFO] [stderr]    Compiling quote v1.0.21
[INFO] [stderr]    Compiling dirs-next v2.0.0
[INFO] [stderr]    Compiling term v0.7.0
[INFO] [stderr]    Compiling either v1.8.0
[INFO] [stderr]    Compiling parking_lot v0.12.1
[INFO] [stderr]    Compiling once_cell v1.15.0
[INFO] [stderr]    Compiling precomputed-hash v0.1.1
[INFO] [stderr]    Compiling new_debug_unreachable v1.0.4
[INFO] [stderr]    Compiling bit-vec v0.6.3
[INFO] [stderr]    Compiling proc-macro-error-attr v1.0.4
[INFO] [stderr]    Compiling ascii-canvas v3.0.0
[INFO] [stderr]    Compiling bit-set v0.5.3
[INFO] [stderr]    Compiling string_cache v0.8.4
[INFO] [stderr]    Compiling itertools v0.10.5
[INFO] [stderr]     Checking atty v0.2.14
[INFO] [stderr]    Compiling petgraph v0.6.2
[INFO] [stderr]    Compiling ena v0.14.0
[INFO] [stderr]    Compiling regex v1.6.0
[INFO] [stderr]    Compiling num-traits v0.2.15
[INFO] [stderr]    Compiling pico-args v0.4.2
[INFO] [stderr]    Compiling diff v0.1.13
[INFO] [stderr]    Compiling lalrpop-util v0.19.8
[INFO] [stderr]    Compiling unicode-xid v0.2.4
[INFO] [stderr]     Checking parking_lot_core v0.8.5
[INFO] [stderr]    Compiling lalrpop v0.19.8
[INFO] [stderr]    Compiling priority-queue v1.2.3
[INFO] [stderr]    Compiling beef v0.5.2
[INFO] [stderr]     Checking os_str_bytes v6.3.0
[INFO] [stderr]    Compiling fnv v1.0.7
[INFO] [stderr]     Checking murmur3 v0.4.1
[INFO] [stderr]    Compiling f128_input v0.2.1
[INFO] [stderr]     Checking clap_lex v0.2.4
[INFO] [stderr]     Checking parking_lot v0.11.2
[INFO] [stderr]     Checking num-integer v0.1.45
[INFO] [stderr]     Checking time v0.1.44
[INFO] [stderr]     Checking better_any v0.2.0-dev.1
[INFO] [stderr]     Checking uuid v0.8.2
[INFO] [stderr]    Compiling proc-macro-error v1.0.4
[INFO] [stderr]     Checking typed-arena v2.0.1
[INFO] [stderr]     Checking iana-time-zone v0.1.50
[INFO] [stderr]     Checking textwrap v0.15.1
[INFO] [stderr]     Checking humantime v2.1.0
[INFO] [stderr]     Checking antlr-rust v0.3.0-beta
[INFO] [stderr]     Checking chrono v0.4.22
[INFO] [stderr]     Checking f128 v0.2.9
[INFO] [stderr]     Checking colored v2.0.0
[INFO] [stderr]     Checking multiset v0.0.5
[INFO] [stderr]     Checking json v0.12.4
[INFO] [stderr]     Checking env_logger v0.9.1
[INFO] [stderr]    Compiling lazy-regex-proc_macros v2.3.0
[INFO] [stderr]    Compiling clap_derive v3.2.18
[INFO] [stderr]    Compiling logos-derive v0.12.1
[INFO] [stderr]    Compiling test-log v0.2.11
[INFO] [stderr]     Checking lazy-regex v2.3.0
[INFO] [stderr]     Checking clap v3.2.22
[INFO] [stderr]     Checking logos v0.12.1
[INFO] [stderr]    Compiling rustycpp v0.1.6 (/opt/rustwide/workdir)
[INFO] [stdout] warning: the feature `arbitrary_enum_discriminant` has been stable since 1.66.0 and no longer requires an attribute to enable
[INFO] [stdout]   --> src/main.rs:12:5
[INFO] [stdout]    |
[INFO] [stdout] 12 |     arbitrary_enum_discriminant,
[INFO] [stdout]    |     ^^^^^^^^^^^^^^^^^^^^^^^^^^^
[INFO] [stdout]    |
[INFO] [stdout]    = note: `#[warn(stable_features)]` on by default
[INFO] [stdout] 
[INFO] [stdout] 
[INFO] [stdout] error[E0635]: unknown feature `option_result_contains`
[INFO] [stdout]  --> src/main.rs:7:5
[INFO] [stdout]   |
[INFO] [stdout] 7 |     option_result_contains,
[INFO] [stdout]   |     ^^^^^^^^^^^^^^^^^^^^^^
[INFO] [stdout] 
[INFO] [stdout] 
[INFO] [stdout] error[E0635]: unknown feature `is_some_with`
[INFO] [stdout]  --> src/main.rs:9:5
[INFO] [stdout]   |
[INFO] [stdout] 9 |     is_some_with,
[INFO] [stdout]   |     ^^^^^^^^^^^^
[INFO] [stdout] 
[INFO] [stdout] 
[INFO] [stdout] warning: the feature `arbitrary_enum_discriminant` has been stable since 1.66.0 and no longer requires an attribute to enable
[INFO] [stdout]   --> src/main.rs:12:5
[INFO] [stdout]    |
[INFO] [stdout] 12 |     arbitrary_enum_discriminant,
[INFO] [stdout]    |     ^^^^^^^^^^^^^^^^^^^^^^^^^^^
[INFO] [stdout]    |
[INFO] [stdout]    = note: `#[warn(stable_features)]` on by default
[INFO] [stdout] 
[INFO] [stdout] 
[INFO] [stdout] error[E0635]: unknown feature `option_result_contains`
[INFO] [stdout]  --> src/main.rs:7:5
[INFO] [stdout]   |
[INFO] [stdout] 7 |     option_result_contains,
[INFO] [stdout]   |     ^^^^^^^^^^^^^^^^^^^^^^
[INFO] [stdout] 
[INFO] [stdout] 
[INFO] [stdout] error[E0635]: unknown feature `is_some_with`
[INFO] [stdout]  --> src/main.rs:9:5
[INFO] [stdout]   |
[INFO] [stdout] 9 |     is_some_with,
[INFO] [stdout]   |     ^^^^^^^^^^^^
[INFO] [stdout] 
[INFO] [stdout] 
[INFO] [stdout] error[E0277]: the trait bound `AtomicUsize: std::cmp::Eq` is not satisfied
[INFO] [stdout]   --> src/module_tree/structs.rs:53:5
[INFO] [stdout]    |
[INFO] [stdout] 47 | #[derive(Debug, Clone, Eq)]
[INFO] [stdout]    |                        -- in this derive macro expansion
[INFO] [stdout] ...
[INFO] [stdout] 53 |     pub stepsCompleted: Arc<AtomicUsize>,
[INFO] [stdout]    |     ^^^^^^^^^^^^^^^^^^^^^^^^^^^^^^^^^^^^ the trait `std::cmp::Eq` is not implemented for `AtomicUsize`
[INFO] [stdout]    |
[INFO] [stdout]    = help: the trait `std::cmp::Eq` is implemented for `Arc<T>`
[INFO] [stdout]    = note: required for `Arc<AtomicUsize>` to implement `std::cmp::Eq`
[INFO] [stdout] note: required by a bound in `AssertParamIsEq`
[INFO] [stdout]   --> /rustc/9610dfe5a9a731ced1ea4923ecbd0c57fe367898/library/core/src/cmp.rs:313:1
[INFO] [stdout]    = note: this error originates in the derive macro `Eq` (in Nightly builds, run with -Z macro-backtrace for more info)
[INFO] [stdout] 
[INFO] [stdout] 
[INFO] [stdout] error[E0599]: no method named `contains` found for enum `Option` in the current scope
[INFO] [stdout]    --> src/preprocessor/prelexer.rs:133:38
[INFO] [stdout]     |
[INFO] [stdout] 133 |             if splice_point_slash_nl.contains(&idx)
[INFO] [stdout]     |                                      ^^^^^^^^ method not found in `Option<usize>`
[INFO] [stdout] 
[INFO] [stdout] 
[INFO] [stdout] error[E0277]: the trait bound `AtomicUsize: std::cmp::Eq` is not satisfied
[INFO] [stdout]   --> src/module_tree/structs.rs:53:5
[INFO] [stdout]    |
[INFO] [stdout] 47 | #[derive(Debug, Clone, Eq)]
[INFO] [stdout]    |                        -- in this derive macro expansion
[INFO] [stdout] ...
[INFO] [stdout] 53 |     pub stepsCompleted: Arc<AtomicUsize>,
[INFO] [stdout]    |     ^^^^^^^^^^^^^^^^^^^^^^^^^^^^^^^^^^^^ the trait `std::cmp::Eq` is not implemented for `AtomicUsize`
[INFO] [stdout]    |
[INFO] [stdout]    = help: the trait `std::cmp::Eq` is implemented for `Arc<T>`
[INFO] [stdout]    = note: required for `Arc<AtomicUsize>` to implement `std::cmp::Eq`
[INFO] [stdout] note: required by a bound in `AssertParamIsEq`
[INFO] [stdout]   --> /rustc/9610dfe5a9a731ced1ea4923ecbd0c57fe367898/library/core/src/cmp.rs:313:1
[INFO] [stdout]    = note: this error originates in the derive macro `Eq` (in Nightly builds, run with -Z macro-backtrace for more info)
[INFO] [stdout] 
[INFO] [stdout] 
[INFO] [stdout] error[E0599]: no method named `contains` found for enum `Option` in the current scope
[INFO] [stdout]    --> src/preprocessor/prelexer.rs:143:42
[INFO] [stdout]     |
[INFO] [stdout] 143 |                 if splice_point_slash_nl.contains(&idx) {
[INFO] [stdout]     |                                          ^^^^^^^^ method not found in `Option<usize>`
[INFO] [stdout] 
[INFO] [stdout] 
[INFO] [stdout] error[E0599]: no method named `contains` found for enum `Option` in the current scope
[INFO] [stdout]    --> src/preprocessor/prelexer.rs:133:38
[INFO] [stdout]     |
[INFO] [stdout] 133 |             if splice_point_slash_nl.contains(&idx)
[INFO] [stdout]     |                                      ^^^^^^^^ method not found in `Option<usize>`
[INFO] [stdout] 
[INFO] [stdout] 
[INFO] [stdout] error[E0599]: no method named `contains` found for enum `Option` in the current scope
[INFO] [stdout]    --> src/preprocessor/prelexer.rs:143:42
[INFO] [stdout]     |
[INFO] [stdout] 143 |                 if splice_point_slash_nl.contains(&idx) {
[INFO] [stdout]     |                                          ^^^^^^^^ method not found in `Option<usize>`
[INFO] [stdout] 
[INFO] [stdout] 
[INFO] [stdout] error: aborting due to 5 previous errors; 1 warning emitted
[INFO] [stdout] 
[INFO] [stdout] 
[INFO] [stdout] Some errors have detailed explanations: E0277, E0599, E0635.
[INFO] [stdout] 
[INFO] [stdout] For more information about an error, try `rustc --explain E0277`.
[INFO] [stdout] 
[INFO] [stderr] error: could not compile `rustycpp` (bin "rustycpp") due to 6 previous errors; 1 warning emitted
[INFO] [stderr] warning: build failed, waiting for other jobs to finish...
[INFO] [stdout] error: aborting due to 5 previous errors; 1 warning emitted
[INFO] [stdout] 
[INFO] [stdout] 
[INFO] [stdout] Some errors have detailed explanations: E0277, E0599, E0635.
[INFO] [stdout] 
[INFO] [stdout] For more information about an error, try `rustc --explain E0277`.
[INFO] [stdout] 
[INFO] [stderr] error: could not compile `rustycpp` (bin "rustycpp" test) due to 6 previous errors; 1 warning emitted
[INFO] running `Command { std: "docker" "inspect" "2b63137cda5356de62423f9eb0a42bef77bf7c4869357620dfbe808eb6c24008", kill_on_drop: false }`
[INFO] running `Command { std: "docker" "rm" "-f" "2b63137cda5356de62423f9eb0a42bef77bf7c4869357620dfbe808eb6c24008", kill_on_drop: false }`
[INFO] [stdout] 2b63137cda5356de62423f9eb0a42bef77bf7c4869357620dfbe808eb6c24008
